x(a). What is the tens digit of n(20)?
4
Let t(y) = 30*y**2 + 2*y + 2. Let w be (-1)/(-3)*(9 + 3)/(-4). What is the tens digit of t(w)?
3
Let k = -441 - -684. Let c = k - 114. What is the units digit of c?
9
Suppose -117*w + 1296 = -111*w. What is the hundreds digit of w?
2
What is the units digit of (536/(-4))/(-1)*1/1?
4
Let j be (-1 + -2 - -5) + 21. Let f = j - 32. Let a = 7 - f. What is the units digit of a?
6
Let l(i) = 3*i + 9. Suppose -4*m = -4*c - 16, -4*c + 0*c = -5*m + 20. Let u(o) = -4*o - 9. Let y(w) = m*u(w) + 5*l(w). What is the units digit of y(-7)?
6
Let t be 26/10 - (-6)/15. Suppose -u - t*y = 3*u - 51, -y - 3 = 0. What is the tens digit of u?
1
Suppose -10*f + 3*f + 2520 = 0. What is the units digit of f?
0
Let j(o) = 3*o**2 - 4*o - 4. Let m be j(3). Let n = m + -6. What is the units digit of n?
5
Let j = 2240 - -3011. What is the units digit of j?
1
Let m(y) = y**3 - y + 60. Let b be m(0). Let f(k) = k**3 - 10*k**2 + 12*k + 4. Let p be f(9). Let r = b - p. What is the units digit of r?
9
Suppose 199*n - 201*n = -6220. What is the units digit of n?
0
Suppose k + 443 = 4*y + 1600, y - 4696 = -4*k. What is the tens digit of k?
7
Suppose 0 = -5*u + 5*c + 2449 + 5621, 6474 = 4*u + 2*c. What is the thousands digit of u?
1
Suppose -11*h + 22704 = 5*h. What is the thousands digit of h?
1
Suppose 5*g - 10*g = 520. Let a = g - -259. What is the units digit of a?
5
Let a(o) = -o**2 + 8*o - 9. Let v be a(6). Suppose v*j + 126 = b - 2*b, 2*b = -3*j - 123. Let k = 97 + j. What is the tens digit of k?
5
Suppose 22*o = 18*o - 20, 5*y + o = 6850. What is the tens digit of y?
7
Let i = 96 + 360. What is the tens digit of i?
5
Let q(i) = -8*i**3 - 4*i**2 - 35*i - 18. What is the thousands digit of q(-5)?
1
Let d(n) = -76*n - 190. What is the tens digit of d(-10)?
7
Let r be (-30)/(-12) - 1/2. Let n be 1 + -3 - (-212)/4. Suppose -5*a - m = -n, 0*m = -r*a - m + 21. What is the units digit of a?
0
Let g = -36 + 69. What is the units digit of ((-4)/(24/g))/(3/(-30))?
5
Let v be (5/(-5) + -3)*-3. Suppose 2*s = 4*a - s - 259, 0 = -4*s + v. What is the units digit of a?
7
What is the units digit of (16173/(-9))/((-15)/5)?
9
Suppose -l + 5*j = -447 - 54, j - 1 = 0. What is the hundreds digit of l?
5
Let y(a) = 28*a + 2. What is the units digit of y(28)?
6
Suppose 4*x - 6 = 3*x + 4*c, 5*x + 75 = -c. Let n = 10 + x. Let t = n + 10. What is the units digit of t?
6
Suppose -28*j - 535 = -30*j + d, 4*d + 532 = 2*j. What is the units digit of j?
8
Suppose s = -s + 2*z + 166, -4*z + 142 = 2*s. What is the units digit of s?
9
Suppose 13*a - q = 11*a + 2426, 2*a - 2*q = 2424. What is the hundreds digit of a?
2
Let z(p) = -p**2 - 25*p + 13. What is the tens digit of z(-8)?
4
Suppose -3*n + 4*o - 80 = -0*o, -o = n + 36. Let p = 34 + n. Suppose -4*g + 8 = 0, -141 = -p*y - 3*y - 3*g. What is the units digit of y?
7
Let z = 1589 + -584. What is the thousands digit of z?
1
Let k(o) = o - 69. Let g(b) = b - 35. Let m(u) = 7*g(u) - 4*k(u). What is the units digit of m(0)?
1
Let k = 0 - 2. Let q = k + 2. Suppose 2*a - 3*c - 31 = q, -4*a = -2*c + 4*c - 38. What is the units digit of a?
1
Suppose 0 = -72*y + 72109 + 111347. What is the thousands digit of y?
2
Let x(j) = -36*j + 2. Let k = 71 + -76. What is the hundreds digit of x(k)?
1
Let l = -232 - -389. Let i = l - 72. What is the tens digit of i?
8
Suppose 15 = -3*t, 10 = -3*q - 3*t - 17. Let c(v) = -v**3 - 5*v**2 - 12*v + 4. What is the tens digit of c(q)?
3
What is the hundreds digit of -1 - (160/(-50))/(1/140)?
4
Suppose 0 = -13*k + 7342 - 2051. What is the tens digit of k?
0
Let w(d) = -d**3 + 6*d**2 - 9*d + 13. Let j be w(4). Suppose 4*l - 4*u - 190 = -2*u, j = 3*u. What is the units digit of l?
9
Suppose 0 = -5*f + 2*d + 1098 + 1455, -f - d = -505. What is the tens digit of f?
0
Let n(c) = -17*c + 613. What is the tens digit of n(30)?
0
Suppose 0 = -4*h + c + 3*c + 556, 2*c = -2*h + 258. Suppose 2*z = -4*k - k + h, 2*k - 71 = 5*z. What is the tens digit of k?
2
Suppose 0 = 25*u - 42*u + 20502. What is the thousands digit of u?
1
Let k = -101 + 416. Suppose 2*s - 138 = -2*h, 8*h + k = 13*h - s. What is the tens digit of h?
6
Let n(s) = 66*s - 34. What is the units digit of n(3)?
4
Let q = 554 - 549. Let a(n) = 11*n - 10. Let z(v) = 12*v - 11. Let u(h) = 6*a(h) - 5*z(h). What is the units digit of u(q)?
5
Let d be 90/6 - (-1)/4*-4. Let l(u) = -13*u - 2. Let z be l(-2). Let i = z - d. What is the tens digit of i?
1
Let o = 336 + -740. Let f = 603 + o. What is the units digit of f?
9
Suppose 3255 = 5*d + 5*g, 4*g + g = -d + 643. What is the hundreds digit of d?
6
Suppose -5*t - 86 + 116 = 0. Suppose 5*g + 13 - 64 = -2*x, 0 = -g + x + t. What is the units digit of g?
9
Suppose -2*w = c - 2040, -8*w = -3*w - 5. What is the tens digit of c?
3
Suppose 4657 = 11*o - 5738. What is the tens digit of o?
4
Let q(l) = 21*l**2 + 19*l - 3. What is the tens digit of q(8)?
9
Suppose -12*k + 716 = -328. What is the units digit of k?
7
Suppose -2*a = -6, 4*a - 2 = z + 11. Let b be (-10)/4 + z/2. What is the tens digit of 2 - 1 - 99/b?
3
Suppose 2902 + 13998 = 10*p. What is the hundreds digit of p?
6
What is the hundreds digit of 6/21 + (-304100)/(-175)?
7
Let o be (-18)/8*(1 - -3). Let a be 2/o + (-518)/18. Let d = a + 43. What is the tens digit of d?
1
What is the units digit of 162/(-4)*-18*(5 - 4)?
9
Let v(w) = w**2 + 4*w - 5. Let i be v(-5). Let j = 7 + i. Suppose -j*k + 52 = -5*k. What is the units digit of k?
6
Let b = 662 - 225. What is the tens digit of b?
3
Suppose 0 = 42*b - 43*b + 4. Suppose 0 = -4*x + v + v + 554, b*x - 529 = -3*v. What is the units digit of x?
6
Let d(p) be the third derivative of p**6/120 + 7*p**5/60 - p**4/4 + p**3/3 - p**2. Let g be d(-5). Let f = g + -46. What is the units digit of f?
6
Let s(y) = -y**3 - 9*y**2 - y - 4. Let m be s(-9). Suppose -3*f - 250 = -m*c - 0*f, 0 = 2*f. What is the units digit of c?
0
Let r(c) = c**2 + 3*c + 64. What is the hundreds digit of r(11)?
2
Let t(a) = -3*a**3 + 4*a**2 - 2*a + 9. Let y(b) = -4*b**3 + 5*b**2 - 3*b + 10. Let x(h) = 3*t(h) - 2*y(h). What is the units digit of x(-3)?
2
Suppose b - 5*u = 22, 8*b - 6*b = -u. Let q(l) = 8*l**3 - 4*l**2 + 4*l - 2. Let n be q(2). Suppose -b*r + n = r. What is the tens digit of r?
1
Suppose -3*c + 105 = -6*c. Let n be (84/c)/(2/(-10)). Suppose -f + n = f. What is the units digit of f?
6
Let r = -300 + 593. What is the units digit of r?
3
Let l = 57 - 30. Suppose 0 = d - l + 6. What is the units digit of d?
1
Suppose -18*h + 870 + 606 = 0. What is the tens digit of h?
8
Let y(m) be the third derivative of m**5/15 + m**4/24 - 5*m**3/6 + 4*m**2. What is the units digit of y(-6)?
3
Let i be -1*(-3 - 0 - -1) + -1. What is the units digit of 100/1 + (-2 - i)?
7
Let j(f) = 2*f**2 + f. Let s be j(1). Suppose 2*c - 15 = -s*c. Suppose u + 3*a = 0, 2*u + a = -c*a + 4. What is the units digit of u?
6
Let p be (-9 + 10)/(2/8). Suppose -p*v + 533 = -175. What is the hundreds digit of v?
1
Let l(b) = 12*b**2 + 1 + 2*b + 7*b**2 - 7*b**2. Let z be 10/30 + (-14)/6. What is the tens digit of l(z)?
4
Let g = 317 + -193. Suppose 3*u - g = 38. What is the tens digit of u?
5
Let n(w) = w**3 + 7*w**2 - 9*w - 4. Suppose -b - 1 + 4 = 0. Let l = -11 + b. What is the units digit of n(l)?
4
Let s be (-1)/(-5) - (-11)/(-5). Let t(q) = 3 - q + 2*q**2 + 2 - 3. What is the tens digit of t(s)?
1
What is the hundreds digit of 114/(-12)*-2*24*1?
4
Let q = -393 + 920. What is the tens digit of q?
2
Let f = -75 + 44. Let p(r) = 23*r - 37. Let d be p(4). Let n = f + d. What is the units digit of n?
4
Let f = 29 + -32. What is the units digit of 0/(2 - f) - -36?
6
Let v(l) = l**3 + 7*l**2 + 8*l + 9. Let r be v(-7). Let o = r + 59. What is the tens digit of o?
1
Let m(f) = 4*f**3 - f**2 + f - 1. Let d be m(1). Suppose s - 7 - d = 0. What is the units digit of (-3 + 7)/(4/s)?
0
What is the thousands digit of (-1 + (-250)/6)*18900/(-400)?
2
Let h(t) = -85*t + 8. Let m be h(-4). Suppose -5*w + 11*w = m. What is the tens digit of w?
5
Suppose -3*u = 4*y - 2*u - 1167, -y + 288 = -u. What is the units digit of y?
1
Let b(f) be the second derivative of -f**5/10 + f**4/6 - f**2/2 + 4*f. Let l be b(-1). What is the units digit of (2/l)/((-3)/(-90))?
0
Suppose 0 = 5*f 